{"id":62,"date":"2024-01-30T17:26:12","date_gmt":"2024-01-30T16:26:12","guid":{"rendered":"https:\/\/stevenkrucker.ch\/?page_id=62"},"modified":"2026-03-21T11:10:24","modified_gmt":"2026-03-21T10:10:24","slug":"konzerte","status":"publish","type":"page","link":"https:\/\/stevenkrucker.ch\/index.php\/konzerte\/","title":{"rendered":"Konzerte"},"content":{"rendered":"\n<div class=\"wp-block-group alignfull has-accent-background-color has-background has-global-padding is-layout-constrained wp-container-core-group-is-layout-cd6163fc wp-block-group-is-layout-constrained\" style=\"margin-top:0;margin-bottom:0;padding-top:var(--wp--preset--spacing--10);padding-right:var(--wp--preset--spacing--50);padding-bottom:var(--wp--preset--spacing--10);padding-left:var(--wp--preset--spacing--50)\">\n<div style=\"margin-top:0;margin-bottom:0;height:17px;width:0px\" aria-hidden=\"true\" class=\"wp-block-spacer\"><\/div>\n\n\n\n<div class=\"wp-block-group is-vertical is-content-justification-center is-layout-flex wp-container-core-group-is-layout-52b864f0 wp-block-group-is-layout-flex\">\n<h2 class=\"wp-block-heading\">Hier findest du meine n\u00e4chsten Gigs<\/h2>\n<\/div>\n<\/div>\n\n\n\n<div class=\"wp-block-group alignfull has-accent-background-color has-background has-global-padding is-layout-constrained wp-container-core-group-is-layout-cd6163fc wp-block-group-is-layout-constrained\" style=\"margin-top:0;margin-bottom:0;padding-top:var(--wp--preset--spacing--10);padding-right:var(--wp--preset--spacing--50);padding-bottom:var(--wp--preset--spacing--10);padding-left:var(--wp--preset--spacing--50)\">\n<div class=\"wp-block-columns alignwide is-layout-flex wp-container-core-columns-is-layout-d0bbbce0 wp-block-columns-is-layout-flex\">\n<div class=\"wp-block-column is-layout-flow wp-container-core-column-is-layout-1672eca2 wp-block-column-is-layout-flow\" style=\"padding-top:var(--wp--preset--spacing--20);padding-bottom:var(--wp--preset--spacing--20)\">\n<p class=\"has-text-align-left\"><strong>Donnerstag 19. Februar<\/strong><\/p>\n\n\n\n<p class=\"has-text-align-left\">Open Session <br>20:30-22:30 <br>at Flanagan&#8217;s Irish Pub Zug<\/p>\n\n\n\n<p><a href=\"https:\/\/altbarbueri.ch\/termine\" title=\"\"><\/a><strong><strong><a href=\"https:\/\/www.flanagans.ch\/zug\/\" target=\"_blank\" rel=\"noopener\" title=\"\">Zur Homepage<\/a><\/strong><\/strong><\/p>\n\n\n\n<figure class=\"wp-block-image alignleft size-full is-resized\"><img loading=\"lazy\" decoding=\"async\" width=\"180\" height=\"184\" src=\"https:\/\/stevenkrucker.ch\/wp-content\/uploads\/2024\/03\/large_61138f775c4b9d50dc6cb258_bc2cb79f2da8eb187017689f4f200f6d91240094427bae52b7d78ab3ea685a19_6113a104.png\" alt=\"\" class=\"wp-image-166\" style=\"width:128px;height:auto\"\/><\/figure>\n<\/div>\n\n\n\n<div class=\"wp-block-column is-layout-flow wp-container-core-column-is-layout-ce2ac7f4 wp-block-column-is-layout-flow\" style=\"padding-top:var(--wp--preset--spacing--10);padding-bottom:var(--wp--preset--spacing--10)\">\n<p class=\"has-text-align-left\"><strong>Dienstag 17. M\u00e4rz<\/strong><\/p>\n\n\n\n<p class=\"has-text-align-left\">St. Patrick&#8217;s Day <br>ab 19:30<br>at The Tipsy Bear Pub, Bern<\/p>\n\n\n\n<p><a href=\"https:\/\/altbarbueri.ch\/termine\" title=\"\"><\/a><strong><strong><a href=\"https:\/\/thetipsybear.ch\/\" title=\"\">Zur Homepage<\/a><\/strong><\/strong><\/p>\n\n\n\n<figure class=\"wp-block-image alignleft size-full is-resized\"><img loading=\"lazy\" decoding=\"async\" width=\"384\" height=\"384\" src=\"https:\/\/stevenkrucker.ch\/wp-content\/uploads\/2026\/02\/tipsy_bear_icon.webp\" alt=\"\" class=\"wp-image-414\" style=\"width:128px;height:auto\" srcset=\"https:\/\/stevenkrucker.ch\/wp-content\/uploads\/2026\/02\/tipsy_bear_icon.webp 384w, https:\/\/stevenkrucker.ch\/wp-content\/uploads\/2026\/02\/tipsy_bear_icon-300x300.webp 300w, https:\/\/stevenkrucker.ch\/wp-content\/uploads\/2026\/02\/tipsy_bear_icon-150x150.webp 150w\" sizes=\"auto, (max-width: 384px) 100vw, 384px\" \/><\/figure>\n<\/div>\n\n\n\n<div class=\"wp-block-column is-layout-flow wp-container-core-column-is-layout-1672eca2 wp-block-column-is-layout-flow\" style=\"padding-top:var(--wp--preset--spacing--20);padding-bottom:var(--wp--preset--spacing--20)\">\n<p class=\"has-text-align-left\"><strong>Donnerstag 2. April<\/strong><\/p>\n\n\n\n<p class=\"has-text-align-left\">Open Session <br>20:30-22:00 <br>Last session at Flanagan&#8217;s Irish Pub Zug<\/p>\n\n\n\n<p><a href=\"https:\/\/altbarbueri.ch\/termine\" title=\"\"><\/a><strong><strong><a href=\"https:\/\/www.flanagans.ch\/zug\/\" target=\"_blank\" rel=\"noopener\" title=\"\">Zur Homepage<\/a><\/strong><\/strong><\/p>\n\n\n\n<figure class=\"wp-block-image alignleft size-full is-resized\"><img loading=\"lazy\" decoding=\"async\" width=\"180\" height=\"184\" src=\"https:\/\/stevenkrucker.ch\/wp-content\/uploads\/2024\/03\/large_61138f775c4b9d50dc6cb258_bc2cb79f2da8eb187017689f4f200f6d91240094427bae52b7d78ab3ea685a19_6113a104.png\" alt=\"\" class=\"wp-image-166\" style=\"width:128px;height:auto\"\/><\/figure>\n<\/div>\n<\/div>\n\n\n\n<div class=\"wp-block-group alignfull has-accent-background-color has-background has-global-padding is-layout-constrained wp-container-core-group-is-layout-cd6163fc wp-block-group-is-layout-constrained\" style=\"margin-top:0;margin-bottom:0;padding-top:var(--wp--preset--spacing--10);padding-right:var(--wp--preset--spacing--50);padding-bottom:var(--wp--preset--spacing--10);padding-left:var(--wp--preset--spacing--50)\">\n<div class=\"wp-block-columns alignwide is-layout-flex wp-container-core-columns-is-layout-d0bbbce0 wp-block-columns-is-layout-flex\">\n<div class=\"wp-block-column is-layout-flow wp-container-core-column-is-layout-1672eca2 wp-block-column-is-layout-flow\" style=\"padding-top:var(--wp--preset--spacing--20);padding-bottom:var(--wp--preset--spacing--20)\">\n<p class=\"has-text-align-left\"><strong>Samstag 25. April<\/strong><\/p>\n\n\n\n<p class=\"has-text-align-left\">Stub\u00e4t\u00e4 am Huisb\u00e4rg<br>ab 18:00<br>Mehr Infos folgen<\/p>\n\n\n\n<p><a href=\"https:\/\/altbarbueri.ch\/termine\" title=\"\"><\/a><strong><strong><a href=\"https:\/\/kultuir-stube.ch\/stubaetae-am-huisbaerg\/\" target=\"_blank\" rel=\"noopener\" title=\"\">Zur Homepage<\/a><\/strong><\/strong><\/p>\n\n\n\n<figure class=\"wp-block-image alignleft size-full is-resized\"><img loading=\"lazy\" decoding=\"async\" width=\"2500\" height=\"2506\" src=\"https:\/\/stevenkrucker.ch\/wp-content\/uploads\/2026\/02\/Logo_stubete.png\" alt=\"\" class=\"wp-image-360\" style=\"width:128px;height:auto\" srcset=\"https:\/\/stevenkrucker.ch\/wp-content\/uploads\/2026\/02\/Logo_stubete.png 2500w, https:\/\/stevenkrucker.ch\/wp-content\/uploads\/2026\/02\/Logo_stubete-300x300.png 300w, https:\/\/stevenkrucker.ch\/wp-content\/uploads\/2026\/02\/Logo_stubete-1022x1024.png 1022w, https:\/\/stevenkrucker.ch\/wp-content\/uploads\/2026\/02\/Logo_stubete-150x150.png 150w, https:\/\/stevenkrucker.ch\/wp-content\/uploads\/2026\/02\/Logo_stubete-768x770.png 768w, https:\/\/stevenkrucker.ch\/wp-content\/uploads\/2026\/02\/Logo_stubete-1532x1536.png 1532w, https:\/\/stevenkrucker.ch\/wp-content\/uploads\/2026\/02\/Logo_stubete-2043x2048.png 2043w\" sizes=\"auto, (max-width: 2500px) 100vw, 2500px\" \/><\/figure>\n<\/div>\n\n\n\n<div class=\"wp-block-column is-layout-flow wp-container-core-column-is-layout-1672eca2 wp-block-column-is-layout-flow\" style=\"padding-top:var(--wp--preset--spacing--20);padding-bottom:var(--wp--preset--spacing--20)\">\n<p class=\"has-text-align-left\">Evtl. weitere Sessions im Mai &amp; Juni<\/p>\n\n\n\n<p class=\"has-text-align-left\">Open Session <br>20:30-22:00 <br>more to come<\/p>\n\n\n\n<p><a href=\"https:\/\/altbarbueri.ch\/termine\" title=\"\"><\/a><strong><strong>Zur Homepage<\/strong><\/strong><\/p>\n<\/div>\n\n\n\n<div class=\"wp-block-column is-layout-flow wp-container-core-column-is-layout-1672eca2 wp-block-column-is-layout-flow\" style=\"padding-top:var(--wp--preset--spacing--20);padding-bottom:var(--wp--preset--spacing--20)\">\n<p class=\"has-text-align-left\"><strong>Samstag 25. Juli<\/strong><\/p>\n\n\n\n<p class=\"has-text-align-left\">Openair-Li, Root<br>mehr Infos folgen<br>Gastgeber Schag\u00fcsi<\/p>\n\n\n\n<p><a href=\"https:\/\/altbarbueri.ch\/termine\" title=\"\"><\/a><strong><strong><a href=\"https:\/\/www.facebook.com\/p\/Schag%C3%BCsi-100066354023223\/?locale=de_DE\" target=\"_blank\" rel=\"noopener\" title=\"\">Zur Homepage<\/a><\/strong><\/strong><\/p>\n\n\n\n<figure class=\"wp-block-image alignleft size-full is-resized\"><img loading=\"lazy\" decoding=\"async\" width=\"1444\" height=\"740\" src=\"https:\/\/stevenkrucker.ch\/wp-content\/uploads\/2024\/06\/openairli-e1770297287216.jpg\" alt=\"\" class=\"wp-image-229\" style=\"aspect-ratio:1.9518703836073386;width:195px;height:auto\" srcset=\"https:\/\/stevenkrucker.ch\/wp-content\/uploads\/2024\/06\/openairli-e1770297287216.jpg 1444w, https:\/\/stevenkrucker.ch\/wp-content\/uploads\/2024\/06\/openairli-e1770297287216-300x154.jpg 300w, https:\/\/stevenkrucker.ch\/wp-content\/uploads\/2024\/06\/openairli-e1770297287216-1024x525.jpg 1024w, https:\/\/stevenkrucker.ch\/wp-content\/uploads\/2024\/06\/openairli-e1770297287216-768x394.jpg 768w\" sizes=\"auto, (max-width: 1444px) 100vw, 1444px\" \/><\/figure>\n<\/div>\n<\/div>\n<\/div>\n<\/div>\n\n\n\n<h2 class=\"wp-block-heading alignwide has-text-align-center\" style=\"margin-top:var(--wp--preset--spacing--30);margin-bottom:var(--wp--preset--spacing--30)\">Ich freue mich auf deinen Konzertbesuch! <\/h2>\n\n\n\n<p><\/p>\n","protected":false},"excerpt":{"rendered":"<p>Hier findest du meine n\u00e4chsten Gigs Donnerstag 19. Februar Open Session 20:30-22:30 at Flanagan&#8217;s Irish Pub Zug Zur Homepage Dienstag 17. M\u00e4rz St. Patrick&#8217;s Day ab 19:30at The Tipsy Bear Pub, Bern Zur Homepage Donnerstag 2. April Open Session 20:30-22:00 Last session at Flanagan&#8217;s Irish Pub Zug Zur Homepage Samstag 25. April Stub\u00e4t\u00e4 am Huisb\u00e4rgab [&hellip;]<\/p>\n","protected":false},"author":1,"featured_media":0,"parent":0,"menu_order":0,"comment_status":"closed","ping_status":"closed","template":"page-no-title","meta":{"_monsterinsights_skip_tracking":false,"_monsterinsights_sitenote_active":false,"_monsterinsights_sitenote_note":"","_monsterinsights_sitenote_category":0,"footnotes":""},"class_list":["post-62","page","type-page","status-publish","hentry"],"aioseo_notices":[],"_links":{"self":[{"href":"https:\/\/stevenkrucker.ch\/index.php\/wp-json\/wp\/v2\/pages\/62","targetHints":{"allow":["GET"]}}],"collection":[{"href":"https:\/\/stevenkrucker.ch\/index.php\/wp-json\/wp\/v2\/pages"}],"about":[{"href":"https:\/\/stevenkrucker.ch\/index.php\/wp-json\/wp\/v2\/types\/page"}],"author":[{"embeddable":true,"href":"https:\/\/stevenkrucker.ch\/index.php\/wp-json\/wp\/v2\/users\/1"}],"replies":[{"embeddable":true,"href":"https:\/\/stevenkrucker.ch\/index.php\/wp-json\/wp\/v2\/comments?post=62"}],"version-history":[{"count":88,"href":"https:\/\/stevenkrucker.ch\/index.php\/wp-json\/wp\/v2\/pages\/62\/revisions"}],"predecessor-version":[{"id":501,"href":"https:\/\/stevenkrucker.ch\/index.php\/wp-json\/wp\/v2\/pages\/62\/revisions\/501"}],"wp:attachment":[{"href":"https:\/\/stevenkrucker.ch\/index.php\/wp-json\/wp\/v2\/media?parent=62"}],"curies":[{"name":"wp","href":"https:\/\/api.w.org\/{rel}","templated":true}]}}